t is b(4)?
22
Let z(d) = d**2 + 2*d + 3. Determine z(-2).
3
Let m(h) = h - 13. Calculate m(12).
-1
Let l(a) = -a**2 - 20*a. Calculate l(-20).
0
Let s(p) = -p**2 + 11*p. Give s(11).
0
Let n(z) = 12*z + 11. Calculate n(5).
71
Let h(v) = 4*v**2 - 3. Determine h(2).
13
Let x(d) = 5*d + 50. What is x(-11)?
-5
Let y(b) = -3*b**2 - 42*b + 1. Determine y(-13).
40
Let f(n) = -n**3 + 4*n**2 - n - 1. What is f(-2)?
25
Let t(b) = 33*b + 1. Give t(1).
34
Let q(s) = s**2 - 3*s - 67. What is q(-7)?
3
Let c(m) = 2*m**2 - 19*m - 15. Determine c(10).
-5
Let d(k) = k**2 + 4*k + 5. What is d(-6)?
17
Let b(o) = o**3 + 2*o**2 - 2*o + 1. Calculate b(-3).
-2
Let q(o) = o**3 - 9*o**2 + 2*o - 9. Calculate q(9).
9
Let q(x) = -7*x**3 + x**2 - 2*x - 3. Give q(-1).
7
Let v(t) = -2*t + 13. Calculate v(10).
-7
Let m(l) = -42*l + 239. Determine m(6).
-13
Let b(a) = -a**3 - a**2 - 2*a - 3. Give b(-2).
5
Let a(p) = 3*p**2 + 5*p. Give a(-5).
50
Let g(a) = 109*a + 8. Determine g(-1).
-101
Let q(t) = 2*t - 61. Calculate q(38).
15
Let t(o) = 7*o**3 + 43*o**2 + 6*o + 15. Determine t(-6).
15
Let i(d) = 29*d + 2. Determine i(-2).
-56
Let m(l) = -14*l + 109. What is m(8)?
-3
Let b(j) = j**2 - 5*j - 1. What is b(3)?
-7
Let g(p) = p + 22. Calculate g(-5).
17
Let t(f) = -f**3 + 9*f - 1. Calculate t(-3).
-1
Let g(f) = f**3 + 8*f**2 - 10*f + 7. Determine g(-9).
16
Let d(x) = -x**3 + 16*x**2 + 2*x - 24. Calculate d(16).
8
Let p(v) = -v - 1. Give p(2).
-3
Let h(d) = -d**3 + 6*d**2 - 5*d + 1. What is h(6)?
-29
Let m(j) = j - 4. Calculate m(8).
4
Let b(l) = -l**2 + 9*l + 31. Determine b(12).
-5
Let x(d) = -5*d + 56. What is x(17)?
-29
Let x(d) = d**3 + 40*d**2 + 35*d - 159. Calculate x(-39).
-3
Let f(l) = -2*l**2 + 5*l - 6. Determine f(3).
-9
Let k(y) = 7*y + 46. Give k(-6).
4
Let t(l) = -2*l**2 + 38*l + 45. Give t(20).
5
Let v(i) = 8*i**2 + 7*i - 9. Give v(3).
84
Let j(q) = -q**3 + 3*q**2 + 7*q - 2. Give j(5).
-17
Let g(o) = 2*o**2 + 3*o - 11. Calculate g(-4).
9
Let u(p) = 2*p**2 + 4*p - 1. Give u(-5).
29
Let h(m) = 14*m - 1. Calculate h(2).
27
Let w(v) = v**2 + 6*v + 11. Calculate w(-9).
38
Let x(b) = 4*b + 51. What is x(-13)?
-1
Let w(q) = q**2 - 3*q + 6. What is w(-6)?
60
Let n(q) = 3*q + 1. Give n(0).
1
Let m(v) = 2*v**2 - v + 4. Calculate m(4).
32
Let m(n) = 3*n**2 + 6*n + 16. Determine m(-5).
61
Let a(s) = s**3 - 5*s**2 - 7*s + 9. What is a(6)?
3
Let n(u) = 2*u - 56. Determine n(3).
-50
Let j(k) = k**2 - 12*k + 11. Give j(10).
-9
Let l(o) = -3*o**2 + 2*o - 7. Determine l(2).
-15
Let m(p) = -p**3 + 4*p**2 - p + 20. Give m(5).
-10
Let z(v) = v**2 - 5*v - 21. Determine z(7).
-7
Let v(d) = -27*d - 161. Determine v(-6).
1
Let j(r) = -r + 10. Calculate j(-8).
18
Let h(w) = -9*w - 1. Give h(-1).
8
Let t(g) = 2*g**3 + 3*g**2 - 2*g + 5. Calculate t(2).
29
Let g(p) = p**2 - 3*p - 14. What is g(10)?
56
Let o(y) = -28*y - 206. Give o(-7).
-10
Let q(r) = -4*r**2 - 15*r - 32. Give q(-3).
-23
Let f(p) = -2*p + 3. What is f(2)?
-1
Let t(k) = -k**2 + 13*k. Give t(12).
12
Let g(i) = i**2 - 7. Determine g(0).
-7
Let m(w) = -w**3 + 7*w**2 - 5*w + 8. What is m(6)?
14
Let b(u) = u**2 + 62*u + 601. Calculate b(-50).
1
Let c(v) = v**3 - 3*v**2 - 8*v + 17. Give c(5).
27
Let a(o) = -17*o**2 + 4*o + 12. Determine a(-3).
-153
Let z(q) = 2*q**3 - 48*q**2 - 5*q + 110. What is z(24)?
-10
Let b(f) = -f - 5. Give b(2).
-7
Let w(i) = -i**3 - i**2 + 18*i - 10. Give w(-5).
0
Let h(d) = 13*d**3 + 2*d**2 + 2*d - 3. Determine h(2).
113
Let z(k) = k**2 + k - 17. Calculate z(0).
-17
Let z(w) = -w**3 + 8*w**2 + 10*w - 12. What is z(9)?
-3
Let f(n) = -n**2 + 10*n + 3. Determine f(10).
3
Let l(z) = -6*z + 15. Determine l(8).
-33
Let k(b) = b**2 + b + 5. What is k(-3)?
11
Let l(g) = g**3 - 2*g**2 - 6*g + 7. Calculate l(3).
-2
Let a(g) = -66*g - 182. Determine a(-3).
16
Let o(x) = x**2 + 3*x + 6. Calculate o(-6).
24
Let g(b) = -b + 4. What is g(-7)?
11
Let s(l) = -2*l**3 - 81*l**2 - 42*l - 80. Determine s(-40).
0
Let m(c) = -c**3 - 3*c**2 + 2*c + 3. Calculate m(-4).
11
Let f(x) = -x**2 + 2*x - 9. Give f(0).
-9
Let z(c) = c**2 + 3*c - 4. What is z(-3)?
-4
Let j(q) = q**3 + 15*q**2 + 15*q - 18. Determine j(-14).
-32
Let u(n) = 6*n + 4. Calculate u(-3).
-14
Let o(i) = 57*i + 107. Give o(-2).
-7
Let l(y) = 31*y + 27. Determine l(-1).
-4
Let z(h) = -h**2 - h. Calculate z(-2).
-2
Let f(w) = -w**2 - 13*w - 17. Give f(-12).
-5
Let m(f) = -2*f - 7. Calculate m(3).
-13
Let j(n) = n - 4. Determine j(6).
2
Let r(v) = -17*v + 169. Calculate r(8).
33
Let z(j) = 12*j + 16. Give z(3).
52
Let l(b) = -2*b + 31. Determine l(12).
7
Let m(q) = 5*q**2 + 10*q + 9. Calculate m(-1).
4
Let f(j) = 2*j**2 - 32*j + 2. Calculate f(16).
2
Let i(v) = -26*v + 93. Give i(4).
-11
Let j(p) = -2*p**2 - 67*p - 67. Calculate j(-32).
29
Let y(l) = -8*l**3 + 2*l + 2. Calculate y(-1).
8
Let q(j) = 2*j**2 - 2*j. Give q(-1).
4
Let z(p) = 4*p - 2. Give z(2).
6
Let k(s) = s**3 - 4*s + 3. What is k(3)?
18
Let i(x) = 4*x + 136. What is i(-36)?
-8
Let y(o) = -o + 4. Determine y(0).
4
Let k(p) = -3*p - 10. Calculate k(6).
-28
Let d(c) = -12*c + 59. Give d(5).
-1
Let m(l) = -5*l - 5. What is m(1)?
-10
Let n(w) = -2*w**3 - 7*w**2 + 12*w + 1. Give n(-4).
-31
Let l(y) = y**3 - 5*y**2 - 15*y + 48. What is l(7)?
41
Let r(t) = -t**3 + 13*t**2 - 11*t - 12. Determine r(12).
0
Let v(o) = o**3 - 3*o**2 - 5*o - 1. What is v(4)?
-5
Let c(q) = -q**3 + 3*q**2 + 5*q - 2. Give c(4).
2
Let k(a) = -7*a - 41. Give k(-5).
-6
Let p(u) = 8*u - 145. Give p(0).
-145
Let s(k) = 22*k - 1. Determine s(2).
43
Let s(q) = -9*q + 73. Calculate s(9).
-8
Let g(j) = -j**3 - 8*j**2 + 4. Determine g(-8).
4
Let t(d) = 3*d**2 - 10*d + 10. Calculate t(1).
3
Let f(u) = 2*u**2 - 37*u + 27. Give f(15).
-78
Let r(b) = 6*b - 21. What is r(4)?
3
Let k(g) = g**3 + 14*g**2 + 27*g + 40. What is k(-12)?
4
Let f(h) = h**3 + 44*h**2 + 128*h + 211. Determine f(-41).
6
Let t(x) = x**3 + 5*x**2 - 3*x - 6. Calculate t(-6).
-24
Let c(o) = -3*o - 10. What is c(9)?
-37
Let u(k) = -22*k - 109. Give u(-8).
67
Let t(y) = 11*y + 46. What is t(-4)?
2
Let m(l) = -64*l + 768. Give m(12).
0
Let n(a) = -a**2 - 27*a - 42. What is n(-26)?
-16
Let g(r) = -r**2 + 4*r + 4. Give g(5).
-1
Let g(d) = -12*d - 100. Calculate g(-7).
-16
Let w(i) = 2*i**2 + i - 1. Determine w(2).
9
Let g(b) = b**2 + 8*b - 11. Determine g(-9).
-2
Let r(f) = -2*f**2 - 12*f + 57. What is r(-9)?
3
Let q(i) = -i**3 - 12*i**2 + 17*i + 46. Calculate q(-13).
-6
Let a(v) = -v**3 + 7*v**2 + 18*v - 5. What is a(10)?
-125
Let a(g) = g**3 - 7*g**2 + 3*g - 9. Calculate a(3).
-36
Let o(h) = h**3 - 4*h**2 + h - 7. What is o(3)?
-13
Let r(f) = f**3 + 4*f**2 + f - 3. Calculate r(-3).
3
Let g(k) = 9*k - 733. Determine g(81).
-4
Let s(v) = v**3 - v + 10. What is s(0)?
10
Let h(n) = 6*n - 59. What is h(8)?
-11
Let j(m) = -m**3 + 13*m**2 - 11*m + 8. Give j(12).
20
Let c(o) = -2*o. What is c(9)?
-18
Let j(n) = 4*n**2 + 2*n. Determine j(2).
20
Let a(r) = 2*r - 3. Calculate a(0).
-3
Let r(d) = d**2 - 11*d - 59. Calculate r(15).
1
Let x(q) = 2*q**2 + 14*q + 31. Give x(-3).
7
Let p(t) = -t - 25. What is p(-8)?
-17
Let b(n) = 5*n + 302. Give b(-47).
67
Let k(q) = -q**2 + 34*q - 157. What is k(29)?
-12
Let v(f) = f - 37. Calculate v(0).
-37
Let k(y) = -38*y. Determine k(-1).
38
Let m(p) = 7*p - 52. Determine m(15).
53
Let w(q) = q**3 - 7*q**2 - 5*q - 2. Calculate w(8).
22
Let b(p) = -3*p - 25. Calculate b(-11).
8
Let r(l) = -3*l + 16. Calculate r(8).
-8
Let p(i) = i**3 - 6*i**2 - 8*i. Determine p(8).
64
Let c(z) = 4*z - 1. Give c(-1).
-5
Let z(n) = n**3 - 11*n**2 + 3*n - 27. Calculate z(11).
6
Let v(c) = -7*c + 56. Give v(8).
0
Let d(w) = w**2 + 3*w - 3. What is d(-6)?
15
Let d(f) = -f**3 - 4*f**2 - 7. What is d(-5)?
18
Let a(p) = 2*p + 71. Give a(-25).
21
Let o(r) = r**3 + 14*r**2 + 3*r - 13. Calculate o(-14).
-55
Let r(n) = 6*n**2 - 51*n + 19. Give r(8).
-5
Let z(h) = -h**3 - 4*h**2 + 2*h - 1. What is z(-5)?
14
Let r(w) = -w**3 - 6*w**2 - 8*w - 43. What is r(-6)?
5
Let w(g) = g**2 - 3*g + 9. Calculate w(-4).
37
Let a(g) = 4*g + 31. Determine a(-9).
-5
Let b(y) = y**3 - 14*y**2 + 29*y + 45. Give b(11).
1
Let m(d) = 5*d + 9. Determine m(-4).
-11
Let o(x) = -x**3 + x**2 - 2*x - 1. What is o(2)?
-9
Let k(y) = -y**3 + 5*y**2 + 5*y + 1. Determine k(6).
-5
Let p(a) = -4*a + 11. Give p(16).
-53
Let i(o) = 